at is the hundreds digit of 240?
2
What is the hundreds digit of 14238?
2
What is the hundreds digit of 1089?
0
What is the units digit of 11068?
8
What is the ten thousands digit of 28479?
2
What is the units digit of 16504?
4
What is the units digit of 234?
4
What is the tens digit of 13690?
9
What is the units digit of 1495?
5
What is the tens digit of 2973?
7
What is the tens digit of 1822?
2
What is the units digit of 19468?
8
What is the units digit of 487?
7
What is the tens digit of 28407?
0
What is the ten thousands digit of 10784?
1
What is the units digit of 1929?
9
What is the ten thousands digit of 16025?
1
What is the thousands digit of 3060?
3
What is the hundreds digit of 33862?
8
What is the units digit of 565?
5
What is the tens digit of 1297?
9
What is the thousands digit of 33294?
3
What is the units digit of 2502?
2
What is the units digit of 268?
8
What is the tens digit of 6429?
2
What is the units digit of 217?
7
What is the hundreds digit of 1035?
0
What is the tens digit of 2628?
2
What is the tens digit of 582?
8
What is the units digit of 3570?
0
What is the tens digit of 864?
6
What is the thousands digit of 5452?
5
What is the units digit of 9342?
2
What is the units digit of 9958?
8
What is the units digit of 5790?
0
What is the ten thousands digit of 39180?
3
What is the thousands digit of 5994?
5
What is the thousands digit of 8395?
8
What is the tens digit of 114644?
4
What is the tens digit of 2381?
8
What is the units digit of 10062?
2
What is the units digit of 1519?
9
What is the tens digit of 661?
6
What is the tens digit of 11053?
5
What is the tens digit of 17007?
0
What is the hundreds digit of 103456?
4
What is the thousands digit of 1535?
1
What is the units digit of 24342?
2
What is the thousands digit of 20421?
0
What is the thousands digit of 1149?
1
What is the units digit of 2809?
9
What is the tens digit of 948?
4
What is the thousands digit of 138707?
8
What is the ten thousands digit of 38671?
3
What is the thousands digit of 3373?
3
What is the hundreds digit of 507?
5
What is the units digit of 39857?
7
What is the units digit of 2186?
6
What is the hundreds digit of 2617?
6
What is the units digit of 1339?
9
What is the thousands digit of 43487?
3
What is the units digit of 588?
8
What is the thousands digit of 22273?
2
What is the tens digit of 115144?
4
What is the hundreds digit of 6694?
6
What is the tens digit of 248?
4
What is the ten thousands digit of 117580?
1
What is the ten thousands digit of 16932?
1
What is the tens digit of 15098?
9
What is the tens digit of 5462?
6
What is the thousands digit of 24728?
4
What is the tens digit of 622?
2
What is the hundreds digit of 5729?
7
What is the hundreds digit of 4855?
8
What is the units digit of 15980?
0
What is the tens digit of 120644?
4
What is the tens digit of 29450?
5
What is the hundreds digit of 35534?
5
What is the tens digit of 1152?
5
What is the thousands digit of 1514?
1
What is the hundreds digit of 157?
1
What is the hundreds digit of 16139?
1
What is the hundreds digit of 44022?
0
What is the units digit of 17143?
3
What is the hundreds digit of 15453?
4
What is the thousands digit of 7124?
7
What is the hundreds digit of 1748?
7
What is the units digit of 24751?
1
What is the hundreds digit of 14762?
7
What is the tens digit of 802?
0
What is the hundreds digit of 137?
1
What is the hundreds digit of 1690?
6
What is the units digit of 1986?
6
What is the hundreds digit of 2188?
1
What is the units digit of 17551?
1
What is the units digit of 9167?
7
What is the units digit of 1082?
2
What is the thousands digit of 11229?
1
What is the tens digit of 5960?
6
What is the tens digit of 1118?
1
What is the tens digit of 135?
3
What is the thousands digit of 3634?
3
What is the tens digit of 272?
7
What is the thousands digit of 112006?
2
What is the units digit of 17?
7
What is the thousands digit of 1690?
1
What is the thousands digit of 11085?
1
What is the tens digit of 10832?
3
What is the hundreds digit of 71287?
2
What is the thousands digit of 1418?
1
What is the ten thousands digit of 16610?
1
What is the units digit of 271?
1
What is the thousands digit of 48986?
8
What is the tens digit of 725?
2
What is the hundreds digit of 177?
1
What is the units digit of 2687?
7
What is the thousands digit of 13993?
3
What is the hundreds digit of 1152?
1
What is the ten thousands digit of 12793?
1
What is the units digit of 6075?
5
What is the tens digit of 38391?
9
What is the tens digit of 758?
5
What is the tens digit of 6608?
0
What is the thousands digit of 58832?
8
What is the hundreds digit of 8612?
6
What is the ten thousands digit of 20509?
2
What is the thousands digit of 32820?
2
What is the tens digit of 7387?
8
What is the tens digit of 195?
9
What is the hundreds digit of 11894?
8
What is the tens digit of 12380?
8
What is the units digit of 15325?
5
What is the thousands digit of 6662?
6
What is the thousands digit of 16554?
6
What is the tens digit of 256?
5
What is the hundreds digit of 2111?
1
What is the tens digit of 614?
1
What is the hundreds digit of 2316?
3
What is the hundreds digit of 10783?
7
What is the tens digit of 27?
2
What is the units digit of 58675?
5
What is the tens digit of 2683?
8
What is the hundred thousands digit of 138157?
1
What is the units digit of 1559?
9
What is the units digit of 42469?
9
What is the units digit of 31574?
4
What is the thousands digit of 13771?
3
What is the units digit of 5355?
5
What is the tens digit of 486?
8
What is the units digit of 415?
5
What is the hundreds digit of 2933?
9
What is the hundreds digit of 13801?
8
What is the thousands digit of 9623?
9
What is the ten thousands digit of 21372?
2
What is the hundreds digit of 8038?
0
What is the hundreds digit of 1692?
6
What is the tens digit of 11762?
6
What is the units digit of 5281?
1
What is the thousands digit of 3212?
3
What is the units digit of 2206?
6
What is the hundreds digit of 42236?
2
What is the units digit of 2265?
5
What is the hundreds digit of 75275?
2
What is the hundreds digit of 11756?
7
What is the hundreds digit of 1436?
4
What is the ten thousands digit of 20308?
2
What is the hundreds digit of 4255?
2
What is the units digit of 7671?
1
What is the units digit of 17166?
6
What is the ten thousands digit of 42391?
4
What is the tens digit of 788?
8
What is the units digit of 8926?
6
What is the hundreds digit of 548?
5
What is the hundred thousands digit of 114226?
1
What is the units digit of 81824?
4
What is the units digit of 145?
5
What is the units digit of 169574?
4
What is the hundreds digit of 101116?
1
What is the hundreds digit of 11225?
2
What is the units digit of 4252?
2
What is the tens digit of 535?
3
What is the tens digit of 33185?
8
What is the units digit of 138989?
9
What is the tens digit of 1482?
8
What is the units digit of 6850?
0
What is the units digit of 6697?
7
What is the ten thousands digit of 15008?
1
What is the units digit of 1206?
6
What is the hundreds digit of 446?
4
What is the thousands digit of 10061?
0
What is the units digit of 1490?
0
What is the units digit of 739?
9
What is the hundreds digit of 2370?
3
What is the thousands digit of 19943?
9
What is the units digit of 8392?
2
What is the tens digit of 143?
4
What is the hundreds digit of 4826?
8
What is the tens digit of 12328?
2
What is the thousands digit of 24099?
4
What is the thousands digit of 17072?
7
What is the tens digit of 819?
1
What is the ten thousands digit of 21369?
2
What is the hundreds digit of 33094?
0
What is the hundreds digit of 1394?
3
What is the tens digit of 18385?
8
What is the thousands digit of 20183?
0
What is the hundreds digit of 907?
9
What is the hundreds digit of 4105?
1
What is the thousands digit of 1196?
1
What is the units digit of 7017?
7
What is the tens digit of 12811?
1
What is the tens digit of 11238?
3
What is the thousands digit of 29038?
9
What is the hundreds digit of 1622?
6
What is the units digit of 5493?
3
What is the thousands digit of 2650?
2
What is the tens digit of 3290?
9
What is the hundreds digit of 3631?
6
What is the thousands digit of 6847?
6
What is the units digit of 1011?
1
What is the hundreds digit of 487?
4